the prime factors of 482 + ((-12)/14)/((-2)/7)?
5, 97
Let l(o) = o**3 + 9*o**2 - 7*o - 11. Let x be l(-7). Let h = -35 + x. List the prime factors of h.
101
List the prime factors of (214/(-6))/((85/555)/(-17)).
37, 107
Let r be 219*(-1 + -2 + 4). Suppose -6*m - r = -7*m. List the prime factors of m.
3, 73
What are the prime factors of (7 + -4)*1/(-6)*-3084?
2, 3, 257
Let p be (1*-8)/2 - -4. List the prime factors of p - 2 - (-1 + 1 + -77).
3, 5
Let p = 5 + -6. Let k be (-1 - -58) + (p - -2). Suppose 0 = -m - m + k. What are the prime factors of m?
29
Suppose -5*x - 4*c + 6071 = 0, 0 = -x - c + 440 + 775. List the prime factors of x.
7, 173
Let j = 21 + -18. Let r(q) = -2 + 12 - 7 + j*q. List the prime factors of r(5).
2, 3
Suppose 4*f - 2*s = 482, -33 = -3*f - s + 336. Let y = f - 61. What are the prime factors of y?
61
Let w(n) be the third derivative of 7*n**5/60 + n**4/24 + 2*n**3/3 - 6*n**2. Let q be w(-3). What are the prime factors of q/4 + 0 + -1?
3, 5
Let k(o) = 3*o**3 + 2*o**2 - 1. Let b be k(1). Suppose -b*n = 4*a - 44, -a + 6*a - 25 = 0. Let d(j) = 5*j - 15. List the prime factors of d(n).
3, 5
Suppose -1714 = -58*j + 39408. What are the prime factors of j?
709
Suppose -142*g = -134*g - 13296. List the prime factors of g.
2, 3, 277
Suppose 4*b - 390 - 1 = o, -3*b + 296 = 2*o. Let y = b - 70. What are the prime factors of y?
2, 7
Suppose 5*q = -0*q - 110. Let b = q - -32. List the prime factors of b.
2, 5
What are the prime factors of 8174/18 + (16/36)/(-4)?
2, 227
Let f be 1826/(-44) + (-2)/4 + 1. Let h = 72 + f. What are the prime factors of h?
31
Let s = -16 + 1. Let q be 56/10 + -2 + 24/10. What are the prime factors of q/s + (-104)/(-10)?
2, 5
Suppose -2*u - 2 = -2*o - 16, 0 = -5*u + 4*o + 32. Suppose 16 = -4*q, q + 439 = 9*g - u*g. List the prime factors of g.
3, 29
Suppose 0 = 5*m + v - 511, 0*v = 3*m + v - 307. Suppose -4*w + 3*h + 644 = 0, -w + 4*h + m + 72 = 0. List the prime factors of w.
2, 79
What are the prime factors of ((-165150)/825)/(2/(-22))?
2, 3, 367
Suppose 5074 + 1911 = 11*y. Suppose 9*p + 113 = y. List the prime factors of p.
2, 29
Suppose 3*y + 18 + 24 = 0. List the prime factors of (y - -10)/((-1)/2).
2
Let g be (3 + 0)*(-40)/12. Let c be 2*1*55/g. List the prime factors of 3/(-15) - c/5.
2
Suppose -2*q - 4*h = 78, -3*q + 4*h + 156 = -7*q. Let f(d) = -d**3 - 8*d**2 - 8*d + 2. Let o be f(-8). Let x = o + q. List the prime factors of x.
3
Let i = -334 - -477. Suppose -i = -0*z - z. What are the prime factors of z?
11, 13
Suppose -360 = -13*u + u. What are the prime factors of u?
2, 3, 5
Suppose -200 = 2*n - 1644. List the prime factors of n.
2, 19
Let b be (2/6)/(15/180). List the prime factors of -102*b/8*-1.
3, 17
What are the prime factors of 489 - (42/6 + -11)?
17, 29
Let p(t) = t**3 + 8*t**2 + 13*t + 11. Let c(r) = r**3 - 17*r**2 - r + 12. Let x be c(17). List the prime factors of p(x).
3, 7
Suppose 3 = -0*s + s. Let u(d) = 19*d - 139. Let r be u(8). Suppose -s*i + 14 + r = 0. List the prime factors of i.
3
Let h(f) = 114*f + 2. Let r be h(1). Let c = r + -65. List the prime factors of c.
3, 17
Let v(x) = x**3 + x**2 + 6*x + 1471. List the prime factors of v(0).
1471
Let o(g) = -2 + 32*g**2 - 2 - 1 + 6*g**2. Let r be o(-5). What are the prime factors of r/30 - 1/(-2)?
2
Suppose -7*l = -0*l + 49. Let n(z) = -8*z - 31. List the prime factors of n(l).
5
Suppose -247*w = -256*w + 774. List the prime factors of w.
2, 43
Let q(g) = 0 + g**3 - g**2 - 2 - 2*g**2 + 10*g - 3*g**2. List the prime factors of q(4).
2, 3
Let w be 22/2*(2 + 16 + -3). Suppose -f - 4*f = -5*l + w, l - 37 = 3*f. What are the prime factors of l?
31
Suppose 2187 = 16*l - 1541. List the prime factors of l.
233
What are the prime factors of 12/(-26) + (-130048)/(-104)?
2, 5
Let f(c) = c**2 + 3*c - 2. Let k be f(-5). Suppose 4*x + k + 4 = 0. List the prime factors of 1 + 1 + 17 - x.
2, 11
Suppose -16*b = -47*b + 5735. List the prime factors of b.
5, 37
Let w = -9 + 58. Let g = w + -39. List the prime factors of g.
2, 5
Let x(h) = -h**3 + 49*h**2 - 130*h + 43. What are the prime factors of x(46)?
3, 137
Suppose 2*b - 466 = 100. List the prime factors of b.
283
Suppose -2*u = 6, 3*w + 5*u = 56 + 28. Suppose 91 = q + w. What are the prime factors of q?
2, 29
Let w(r) = 10*r - 19. Let c be w(-4). Let y = c - -94. What are the prime factors of y?
5, 7
Let f(q) = 2*q**2 + 10*q - 8. Let h be f(-6). Suppose -32 = -h*s + 2*s. Let w = 26 - s. List the prime factors of w.
2, 5
Suppose -25*x + 20*x - v + 469 = 0, -3*x + 299 = 5*v. What are the prime factors of x?
3, 31
Let z(m) = -m**3 + 7*m**2 - 7*m. Let y be z(5). Let a = y + -12. List the prime factors of a/((-12)/(-34))*2.
17
Let w = 11 + -13. Let n = 8 - w. Suppose k = -k + n. What are the prime factors of k?
5
Let l = 28 - 19. List the prime factors of l/3*(10 + 2).
2, 3
Suppose -11134 = -5*p - 4*c, 12*c - 2221 = -p + 17*c. List the prime factors of p.
2, 3, 7, 53
Let m(w) = 98*w**2 - 25*w - 35. List the prime factors of m(6).
3343
Suppose 0 = -2*z + z + 55. Suppose z = i - 10. What are the prime factors of i?
5, 13
What are the prime factors of (98/8 - 11)/(2/1152)?
2, 3, 5
Let l = -29 - -52. Suppose -7*c + 8 = -6. Suppose c*x - 25 = l. List the prime factors of x.
2, 3
List the prime factors of ((-208)/(-24) + -8)/(1/282).
2, 47
Suppose -567*t = -572*t + 2560. List the prime factors of t.
2
List the prime factors of (2022/8)/(((-30)/3)/(-40)).
3, 337
Let t(p) = -3*p**3 + 2*p**2 - 1. Let u be t(-1). Suppose -224 + 754 = 5*i + u*j, -530 = -5*i - 5*j. List the prime factors of i.
2, 53
Let o(x) = -22*x**3 + 9*x**2 + 14*x + 49. List the prime factors of o(-4).
3, 5, 103
Let q(d) = 2*d**3 - 4*d**2 + 6*d - 6. Let b be q(4). Suppose 0*m + m = 5*h + b, -2*m = -3*h - 136. What are the prime factors of m?
2, 31
Suppose 11 + 29 = 5*y. What are the prime factors of y/20 - (193/(-5))/1?
3, 13
Let n(r) = 3*r**2 - 1. Let j be n(1). What are the prime factors of (j/(-6)*-57)/1?
19
Suppose -5*x + l + 0*l = -881, 4*l = -4. Let t = -95 + x. What are the prime factors of t?
3
Suppose -2*p + 158 = -3*c, -112 = c + c + 2*p. Let r = c + 120. What are the prime factors of r?
2, 3, 11
What are the prime factors of -88 + 83 + -2 + 3002?
5, 599
Let w(c) = 4*c**3 - 6*c**2 + 12*c - 225. List the prime factors of w(11).
5, 17, 53
Suppose 0 = 2*c - 4*p - 8 - 944, c - 482 = 4*p. List the prime factors of c.
2, 5, 47
Let y = 1452 - 524. Suppose 0 = 7*z - 192 - y. List the prime factors of z.
2, 5
Suppose l - 2*a + 14 = 0, -5*l + a + 4*a = 65. Let p = 52 - l. Suppose 0 = 5*b, -5*k - 5*b + p = -36. What are the prime factors of k?
2, 5
Suppose 2*l = 221 - 47. Let a = l + -41. List the prime factors of a.
2, 23
What are the prime factors of (-332)/(-2) + (-4 - -8)?
2, 5, 17
List the prime factors of (-152208)/(-231) - (-3)/33.
659
Suppose 3*d + 5*z = -686, -4*d - 240 = -3*d - 4*z. Let q = -134 - d. What are the prime factors of q?
2, 7
Suppose 3*s = -945 + 3003. List the prime factors of s.
2, 7
Suppose 0 = 5*w - 3*i - 512, -5*w + i = -0*w - 504. Suppose -w = -4*a + 4*c, 4*a + 2*c - 5*c - 95 = 0. List the prime factors of 104/10 + a/(-50).
2, 5
Let d be ((0/(-1))/4)/2. Suppose 3 = -i, d = 5*q - q + 4*i - 4. Suppose -2*n + 3*j = -25, q*n + 28 = 9*n + 4*j. List the prime factors of n.
2
Suppose -f = -5*b + 617, 0 = 3*b - 7*b + 5*f + 481. What are the prime factors of b?
2, 31
Let k be -2 - ((-4)/4 + -1). Suppose 0*g = 2*n + 5*g + 48, -g - 2 = k. What are the prime factors of ((n*12)/4)/(-1)?
3, 19
Let h(s) be the third derivative of -s**6/120 - s**5/10 - 3*s**4/8 - 5*s**3/3 - s**2. Let g be h(-5). What are the prime factors of 1/g*4*80?
2
Let q(f) = 14*f + 4. Let p be q(3). Let t(u) = -u + 1. Let r be t(-2). Suppose p = r*g - 89. What are the prime factors of g?
3, 5
Let s = 9 + -13. List the prime factors of (10/(-25))/(s/730).
73
Let s(i) be the first derivative of 11*i**3/3 + 2*i**2 - 4*i - 8. List the prime factors of s(2).
2, 3
Let y(v) = -v**3 + 3*v**2 + 5*v + 2. Let g be y(-3). Let a = 12 - 7. Suppose c - a*b - g = 0, 131 + 1 = 4*c - 4*b. What are the prime factors of c?
31
Suppose -4*k = -10 - 46. Suppose k*y + 80 = 10*y. What are the prime factors of y/3*(-15)/10?
2, 5
Suppose 0*n = 2*s + 4*n + 2, -s - 4*n = 11. Let t be